f -l**6/120 - l**5/12 + l**4/24 - l**3 - 3*l**2. Let n be u(-5). Is 8 a factor of c(n)?
True
Suppose 4*m + 5*j = 135 + 94, -127 = -2*m - 5*j. Does 11 divide 20*(0 + m/12)?
False
Let v(i) = -8*i**3 - 7*i**2 - 3*i + 3. Let r be v(6). Does 8 divide 2/6 + r/(-63)?
True
Let z(w) = -w - 4. Suppose -4*l - 1 = 2*v + v, 2*l - 10 = 0. Let p be z(v). Suppose p*x = -x + 132. Is x a multiple of 11?
True
Does 33 divide (8 + 10)*((-202)/(-6) + 3)?
True
Let x(z) = 6*z**2 + 14*z - 285. Is x(-20) a multiple of 88?
False
Let w(d) = 64*d**2 - 16*d - 34 + 22*d - 65*d**2 + 24*d. Is 25 a factor of w(11)?
True
Let n = -32 - -80. Let v = n + -12. Is 36 a factor of v?
True
Let h(v) = 4*v - 8. Let m be h(6). Suppose -7 = 2*y + 3*l + 4, 0 = -2*y - 4*l - m. Let t(q) = 15*q. Is 15 a factor of t(y)?
True
Let z = 141 - 83. Suppose 2*f - 56 = z. Suppose -65 = -2*r + f. Does 24 divide r?
False
Suppose -1141*j + 4524 = -1129*j. Is j a multiple of 29?
True
Is 46 a factor of 829 + (13/(-52))/((-1)/(-4))?
True
Let x = -13 + 20. Let h(m) = -5*m - x - 6 + 17*m + 2*m**2 + 2. Is 25 a factor of h(-10)?
False
Let v(r) = -7*r**3 - r**2 - 2*r - 2. Suppose 4*h + 17 = -3*i, 2*i - 4 = -0*h + 5*h. Is v(h) a multiple of 12?
False
Suppose 7*r - 135 = 2*r. Does 17 divide (-2)/(-3) - (-4869)/r?
False
Suppose 0 = 4*k - 534 - 1646. Suppose 5*j + k - 2040 = 0. Is 26 a factor of j?
False
Suppose -g - 5*j = -702, -10*g + 4*j = -5*g - 3568. Is 69 a factor of g?
False
Let a(p) = -31*p + 118. Does 22 divide a(-10)?
False
Let b be 1 - (-9 + (2 - -1)). Let k = 15 - b. Is 8 a factor of ((-8)/(-2))/(2/k)?
True
Let v(s) = s**3 + 15*s**2 + 10*s + 2. Is v(-6) a multiple of 17?
False
Let j = 1657 + -1089. Does 7 divide j?
False
Let x = 73 - 48. Is 16 a factor of (-4)/(-10) - (-1590)/x?
True
Let k(b) = -4*b + 189. Does 17 divide k(12)?
False
Let h(z) = z. Let b(k) = -15*k - 1. Let w(s) = b(s) - 3*h(s). Does 17 divide w(-1)?
True
Let v be 2*2/(-8)*-6. Suppose -9 = -3*z - 2*c + 6, v*c = -4*z + 19. Let o = 10 + z. Is o a multiple of 4?
False
Let z(c) = c**3 + 31*c**2 - 11*c - 20. Is 74 a factor of z(-16)?
True
Suppose 5*g = -128 - 57. Let v = 61 + g. Does 8 divide v?
True
Suppose -12*j = -10*j - 8. Suppose -146 = -3*f - j*n, 0*f = 2*f - n - 90. Is f a multiple of 23?
True
Let k = -135 + 99. Is 3 a factor of k/(-54)*123/2?
False
Suppose 648 + 899 = 4*j - l, 0 = -2*j - 3*l + 791. Let w = 61 - j. Does 9 divide w/(-18) + (-2)/12?
True
Let y be 0/1 - (-6 + 3). Suppose -5*x - 4*p - 17 = 0, 2*x + y*p + 4 + 7 = 0. Is 4/((-8)/162)*x a multiple of 27?
True
Suppose 0 = 2*f - 2*u - 3818, 14*u - 13*u + 7645 = 4*f. Is f a multiple of 95?
False
Suppose 12*h + 13*h = 21125. Is h a multiple of 9?
False
Let x be (27 + 2 - (1 - 3)) + -1. Suppose 10*h = 15*h - x. Does 4 divide h?
False
Let m(j) = -1 + 5*j + 6*j**2 + 0 - 3*j**2. Suppose 3*t - 7*t = b + 22, -b = t + 7. Is m(t) a multiple of 14?
False
Suppose 2*y + 28 = 3*y. Let z = 38 + -34. Suppose -z*b + 28 = -y. Does 3 divide b?
False
Suppose -30*a - 3276 = -43*a. Is a a multiple of 52?
False
Suppose 0 = -15*k + 942 + 678. Does 27 divide k?
True
Let v = -52 - -55. Suppose -3 = v*c - 9. Is c a multiple of 2?
True
Suppose -5*l + 5*n = -12530, -3*n + 2512 = l - n. Does 22 divide l?
True
Let q = 22 - 19. Suppose 8*d = -q + 75. Is d even?
False
Let v(l) = 11*l - 19. Let a be v(10). Is -6*4/(-8) + -4 + a a multiple of 18?
True
Suppose b + 1 = 4. Suppose 4*g - 2*t + 0*t - 2 = 0, -4 = -g + 4*t. Let l = b - g. Does 2 divide l?
False
Suppose -3*z - 27 = -6*z - 3*v, 48 = 2*z - 4*v. Let n(y) = -3*y + 55. Does 2 divide n(z)?
False
Let f = -435 + 788. Is 15 a factor of f?
False
Let v(n) = 5*n + 6. Let x be v(9). Suppose x = -4*b + 195. Does 12 divide b?
True
Let i be 2/(-10) + 151/5. Suppose -5*h = -7*h + i. Suppose -3*g = -9 - h. Is 4 a factor of g?
True
Suppose -3*l + 5*v = l - 1012, l - 5*v - 238 = 0. Let d = l + -182. Suppose -d = -3*r + 3*j + 134, 0 = -3*j + 6. Does 18 divide r?
True
Suppose -4*h - 5*w = -6155, 2*h + 56*w - 3095 = 57*w. Is h a multiple of 15?
True
Let u = 1707 + -459. Is 32 a factor of u?
True
Let i be 2/(-7) - (-224)/98. Suppose -i*l + 104 + 40 = 0. Does 8 divide l?
True
Let g(b) = b + 12. Let i be g(-5). Suppose -x = i - 1. Does 9 divide 3/x*-2*23?
False
Let f(l) = l**3 + 5*l**2 - 6*l - 4. Let h be f(-6). Let d = h - -6. Suppose 25 = -5*b, -u - d*u + 4*b + 26 = 0. Is u even?
True
Suppose -2*u = 5*x - 624, 3*x - 372 = -0*x - 2*u. Does 14 divide x?
True
Suppose 3*v + 17 = 5, -4*l = -2*v + 56. Is 1/(-2)*(-6 + 19)*l a multiple of 26?
True
Suppose -10 = 5*b + 4*m, -3*b + 0*b = -m - 11. Is 9 a factor of ((-25)/5 + b)*-3?
True
Let m(h) = 11*h + 3. Let b be m(10). Suppose -d - 3*o + 42 = 0, -b = -5*d - 3*o + 145. Does 17 divide d?
False
Let o be -1 + (-9 - (2 - -2)). Let q = 18 - o. Does 8 divide q?
True
Let g = -1218 - -1915. Is 41 a factor of g?
True
Suppose 0 = 4*w - 696 - 112. Suppose -c + 0*c + w = -3*j, 0 = c + 3*j - 220. Suppose 3*p = 2*p - 2*k + 81, 2*k = 3*p - c. Is p a multiple of 24?
False
Let t = -72 - -35. Suppose 0 = -4*b + 166 + 42. Let l = t + b. Is l a multiple of 9?
False
Let s(t) = 2*t**2 + 23*t + 45. Let j be s(-9). Does 9 divide (j + -25 + 1)*108/(-144)?
True
Let w(y) = y**3 - 10*y**2 + 6*y - 6. Let i be w(4). Suppose 0 = -o + 4*z + 136, 4*z - 614 = -5*o + 2*z. Let h = o + i. Is 23 a factor of h?
True
Suppose a - 344 = -a - 4*q, 2*a = -2*q + 336. Suppose 3*j = 4*k - 658, 2*k - j - a = k. Is k a multiple of 31?
False
Let u be ((-42)/(-12) + -3)*42. Suppose 6*z - 3 = u. Is 4 a factor of z?
True
Let w(v) be the first derivative of v**3 - 3*v**2/2 - 4*v - 3. Let y be w(-2). Does 4 divide y/2 - -1*2?
False
Let d be ((-1185)/(-30))/(1/2). Let y = d - 19. Suppose n + n = y. Is n a multiple of 6?
True
Let w(p) = -p**3 - 12*p**2 - 3*p - 28. Let v be w(-12). Suppose -v*h + 12*h = 520. Is 13 a factor of h?
True
Let m(o) = -o**3 - 7*o**2 + 5. Let f(z) = -z**2 + z - 1. Let s be f(3). Let k be m(s). Suppose 2*h = k + 3. Is 4 a factor of h?
True
Suppose 3*b - 7*b + 366 = 2*f, -b - f + 90 = 0. Suppose -3*n - 4*p = -392, p + 40 = n - b. Does 22 divide n?
True
Let v = 25 - 24. Let b(x) = v + 33*x + 7*x + 11*x. Does 13 divide b(1)?
True
Let c = 5 - 2. Suppose -5*x + 3*k = -5, 0 = c*x - k - 0*k - 7. Let l(w) = -w**3 + 5*w**2 - 3*w + 5. Is 3 a factor of l(x)?
True
Let w(x) be the second derivative of 2*x**4/3 + x**3 + 4*x**2 - 17*x. Is 7 a factor of w(-2)?
True
Suppose -5*k - 10 - 60 = 5*w, 3*w = -4*k - 40. Is 47 a factor of (((-180)/w)/9)/(2/376)?
True
Let m(o) = 5*o**2 + 6*o - 39. Is m(14) a multiple of 29?
False
Let n(z) be the third derivative of -z**4/24 - 2*z**3/3 - 6*z**2. Let b(y) = -3*y - 8. Let a(r) = -4*b(r) + 9*n(r). Is a(9) a multiple of 11?
False
Suppose k = -k + 10. Suppose 0*j - k*j + 240 = 0. Does 16 divide j?
True
Suppose 0*v = -15*v + 1695. Does 11 divide v?
False
Let n(y) = 22*y**2 - 11*y - 27. Does 11 divide n(-2)?
False
Suppose -2*o - 171 = -w, 0 = -w - 0*w - 5*o + 150. Is 30/w + (-238)/(-22) a multiple of 7?
False
Let x = 8 + -3. Suppose 3*l + 0 + 7 = 4*n, 35 = 5*l + x*n. Suppose -l*s = -0*s - 150. Is s a multiple of 10?
True
Suppose 3*u - 90 = -0*u. Let t = 52 + -36. Let z = u - t. Is 7 a factor of z?
True
Is 3*164/18*(-3)/(-2) a multiple of 2?
False
Let g(h) be the first derivative of 4*h**3/3 + h**2/2 - 2*h + 5. Let o be g(2). Let d = o + -6. Is 10 a factor of d?
True
Suppose -11 = -2*p + 1. Suppose j + 50 = p*j. Does 2 divide j?
True
Let s(j) = -j**3 - 4*j**2 + 6*j + 16. Suppose 0*r = 6*r + 36. Is 11 a factor of s(r)?
False
Let n = -1922 - -1974. Does 3 divide n?
False
Let p(q) = 2*q**2 + 3*q - 122. Is 24 a factor of p(23)?
False
Let c = 35 + 25. Suppose -2*y + c = 8. Is y a multiple of 13?
True
Let w = -2 + 6. Suppose -2*s = -3*a - 13, s + 3*a - w = 2*a. Suppose 0 = 2*d - 4*q - 30, -s*d - 58 = -q - 178. Is d a multiple of 15?
False
Let s(b) = 145*b**2 + 6*b - 3. Is 45 a factor of s(-3)?
False
Let s(f) = 259*f - 496. Is 90 a factor of s(4)?
True
Let n(p) = p**2 + 2*p + 3. Let t be n(-9). Does 26 divide (-12)/t + 2292/22?
True
Suppose 4*g + 270 = 5*t - g, 4*t = -2*g + 192. Suppose r = 73 + t. Is r a multiple of 27?
False
Let u(p) be the first derivative of p**2 + 3*p + 2/3*p**3 + 3. Does 15 divide u(-3)?
True
Suppose -2596 = -4*i - 3*z, -5*z - 1926 = -